{"id":3878,"date":"2009-04-23T13:01:12","date_gmt":"2009-04-23T11:01:12","guid":{"rendered":"http:\/\/www.voilesdantan.org\/?p=1605"},"modified":"2021-02-20T11:52:42","modified_gmt":"2021-02-20T10:52:42","slug":"a-propos","status":"publish","type":"page","link":"https:\/\/www.voilesdantan.org\/index.php\/a-propos\/","title":{"rendered":"A Propos"},"content":{"rendered":"<p><span style=\"color: #000000;\">Une association fran\u00e7aise, de loi 1901, pour propri\u00e9taires de vieux voiliers en bois est n\u00e9e en 2007 : <\/span><\/p>\n<p style=\"text-align: center;\"><span style=\"color: #000080;\"><strong>l&rsquo;Atelier des Voiles d&rsquo;Antan du L\u00e9man (AVAL)<\/strong><\/span><\/p>\n<p>R\u00e9pondant \u00e0 une nette demande de propri\u00e9taires de vieux bateaux en bois plus particuli\u00e8rement, l&rsquo;association \u00e0 but non lucratif a \u00e9t\u00e9 cr\u00e9\u00e9e \u00e0 Messery\u00a0(74140) avec les objectifs suivants:<\/p>\n<ul>\n<li>R\u00e9unir les amateurs, propri\u00e9taires ou non, de bateaux anciens dont l&rsquo;architecture, l&rsquo;esth\u00e9tique, les qualit\u00e9s nautiques et l&rsquo;histoire marquent l&rsquo;\u00e9volution et le patrimoine naval, particuli\u00e8rement celui du lac Liman.<\/li>\n<li>Rassembler tous moyens intellectuels, physiques et mat\u00e9riels afin de restaurer, entretenir, armer et faire naviguer ces unit\u00e9s navales.<\/li>\n<li>Participer \u00e0 toutes activit\u00e9s sportives ou non, locales, nationales ou internationales, ayant pour but la navigation et\/ou la promotion du patrimoine naval.<\/li>\n<li>Promouvoir l&rsquo;id\u00e9e de la pr\u00e9servation du patrimoine naval.<\/li>\n<\/ul>\n","protected":false},"excerpt":{"rendered":"<p class=\"qua-blog-post-description\">Une association fran\u00e7aise, de loi 1901, pour propri\u00e9taires de vieux voiliers en bois est n\u00e9e en 2007 : l&rsquo;Atelier des Voiles d&rsquo;Antan du L\u00e9man (AVAL) R\u00e9pondant \u00e0 une nette demande de propri\u00e9taires de vieux bateaux en bois plus particuli\u00e8rement, l&rsquo;association \u00e0 but non lucratif a \u00e9t\u00e9 cr\u00e9\u00e9e \u00e0 Messery\u00a0(74140) avec les objectifs suivants: R\u00e9unir les [&hellip;]<\/p>\n","protected":false},"author":2,"featured_media":0,"parent":0,"menu_order":1,"comment_status":"closed","ping_status":"closed","template":"","meta":{"advanced_seo_description":"","jetpack_seo_html_title":"","jetpack_seo_noindex":false,"jetpack_post_was_ever_published":false,"footnotes":""},"class_list":["post-3878","page","type-page","status-publish","hentry"],"jetpack-related-posts":[{"id":93,"url":"https:\/\/www.voilesdantan.org\/index.php\/liens\/","url_meta":{"origin":3878,"position":0},"title":"Liens","author":"Evrard","date":"11 juin 2009","format":false,"excerpt":"N'h\u00e9sitez pas \u00e0 nous communiquer d'autres liens int\u00e9ressants ! \u00a0 Notre h\u00e9bergeur ttn.ch Un grand merci \u00e0 notre ami Martin qui a longtemps h\u00e9berg\u00e9 notre site.... Associations d'amateurs de bateaux bois www.vieuxsafrans.com ; Nos amis des Vieux Safrans d'Annecy www.aubonheurdubois.com : Pas encore de bateaux, mais un travail du bois\u2026","rel":"","context":"Article similaire","block_context":{"text":"Article similaire","link":""},"img":{"alt_text":"","src":"https:\/\/i0.wp.com\/www.voilesdantan.org\/wp-content\/uploads\/2009\/06\/ttn.jpg?resize=350%2C200","width":350,"height":200},"classes":[]},{"id":3889,"url":"https:\/\/www.voilesdantan.org\/index.php\/nos-bateaux\/","url_meta":{"origin":3878,"position":1},"title":"Nos Bateaux","author":"GrenierFlorent","date":"9 f\u00e9vrier 2021","format":false,"excerpt":"","rel":"","context":"Article similaire","block_context":{"text":"Article similaire","link":""},"img":{"alt_text":"","src":"https:\/\/i0.wp.com\/www.voilesdantan.org\/wp-content\/uploads\/2011\/10\/mose-a-leau-2.jpg?fit=600%2C450&ssl=1&resize=350%2C200","width":350,"height":200,"srcset":"https:\/\/i0.wp.com\/www.voilesdantan.org\/wp-content\/uploads\/2011\/10\/mose-a-leau-2.jpg?fit=600%2C450&ssl=1&resize=350%2C200 1x, https:\/\/i0.wp.com\/www.voilesdantan.org\/wp-content\/uploads\/2011\/10\/mose-a-leau-2.jpg?fit=600%2C450&ssl=1&resize=525%2C300 1.5x"},"classes":[]},{"id":4485,"url":"https:\/\/www.voilesdantan.org\/index.php\/classique-de-sciez\/","url_meta":{"origin":3878,"position":2},"title":"Classique De Sciez 2026","author":"GrenierFlorent","date":"24 novembre 2024","format":false,"excerpt":"Depuis plus de 25 ans La Classique de Sciez est le rassemblement incontournable des bateaux de tradition sur la rive fran\u00e7aise du L\u00e9man. Rendez vous les 1 et 2 Aout 2026 pour la 27\u00e8me \u00e9dition! Ne tardez pas \u00e0 vous inscrire, nous esp\u00e9rons vous voir nombreux sur le Port de\u2026","rel":"","context":"Article similaire","block_context":{"text":"Article similaire","link":""},"img":{"alt_text":"","src":"https:\/\/i0.wp.com\/www.voilesdantan.org\/wp-content\/uploads\/2024\/06\/AVLL-Barques-oreilles-Unesco.jpg?fit=1032%2C1200&ssl=1&resize=350%2C200","width":350,"height":200,"srcset":"https:\/\/i0.wp.com\/www.voilesdantan.org\/wp-content\/uploads\/2024\/06\/AVLL-Barques-oreilles-Unesco.jpg?fit=1032%2C1200&ssl=1&resize=350%2C200 1x, https:\/\/i0.wp.com\/www.voilesdantan.org\/wp-content\/uploads\/2024\/06\/AVLL-Barques-oreilles-Unesco.jpg?fit=1032%2C1200&ssl=1&resize=525%2C300 1.5x, https:\/\/i0.wp.com\/www.voilesdantan.org\/wp-content\/uploads\/2024\/06\/AVLL-Barques-oreilles-Unesco.jpg?fit=1032%2C1200&ssl=1&resize=700%2C400 2x"},"classes":[]},{"id":3916,"url":"https:\/\/www.voilesdantan.org\/index.php\/patrimoine-lemanique\/","url_meta":{"origin":3878,"position":3},"title":"Patrimoine L\u00e9manique","author":"GrenierFlorent","date":"19 f\u00e9vrier 2021","format":false,"excerpt":"","rel":"","context":"Article similaire","block_context":{"text":"Article similaire","link":""},"img":{"alt_text":"","src":"https:\/\/i0.wp.com\/www.voilesdantan.org\/wp-content\/uploads\/2010\/06\/10-Attelee-avec-la-Yole12x9.jpg?fit=360%2C270&ssl=1&resize=350%2C200","width":350,"height":200},"classes":[]},{"id":211,"url":"https:\/\/www.voilesdantan.org\/index.php\/le-comite\/","url_meta":{"origin":3878,"position":4},"title":"La page officielle","author":"Evrard","date":"21 juin 2009","format":false,"excerpt":"Le Comit\u00e9 Le Conseil d'Administration a \u00e9t\u00e9 renouvel\u00e9 lors de l'Assembl\u00e9e G\u00e9n\u00e9rale du 11 octobre 2025. Il est compos\u00e9 de : Jean-Yves PARICHON Evrard de BONDY Jean-Fran\u00e7ois TRAINI Florent GRENIER Sylvain REDUREAU Paul LORIDANT Le Bureau est compos\u00e9 de : Pr\u00e9sident : Jean-Fran\u00e7ois TRAINI Vice-President en charge de la tr\u00e9sorerie\u2026","rel":"","context":"Article similaire","block_context":{"text":"Article similaire","link":""},"img":{"alt_text":"","src":"","width":0,"height":0},"classes":[]}],"jetpack_shortlink":"https:\/\/wp.me\/PcN3JF-10y","jetpack_sharing_enabled":true,"_links":{"self":[{"href":"https:\/\/www.voilesdantan.org\/index.php\/wp-json\/wp\/v2\/pages\/3878","targetHints":{"allow":["GET"]}}],"collection":[{"href":"https:\/\/www.voilesdantan.org\/index.php\/wp-json\/wp\/v2\/pages"}],"about":[{"href":"https:\/\/www.voilesdantan.org\/index.php\/wp-json\/wp\/v2\/types\/page"}],"author":[{"embeddable":true,"href":"https:\/\/www.voilesdantan.org\/index.php\/wp-json\/wp\/v2\/users\/2"}],"replies":[{"embeddable":true,"href":"https:\/\/www.voilesdantan.org\/index.php\/wp-json\/wp\/v2\/comments?post=3878"}],"version-history":[{"count":2,"href":"https:\/\/www.voilesdantan.org\/index.php\/wp-json\/wp\/v2\/pages\/3878\/revisions"}],"predecessor-version":[{"id":3991,"href":"https:\/\/www.voilesdantan.org\/index.php\/wp-json\/wp\/v2\/pages\/3878\/revisions\/3991"}],"wp:attachment":[{"href":"https:\/\/www.voilesdantan.org\/index.php\/wp-json\/wp\/v2\/media?parent=3878"}],"curies":[{"name":"wp","href":"https:\/\/api.w.org\/{rel}","templated":true}]}}

<p><span style="color: #000000;">Une association française, de loi 1901, pour propriétaires de vieux voiliers en bois est née en 2007 : </span></p>
<p style="text-align: center;"><span style="color: #000080;"><strong>l&rsquo;Atelier des Voiles d&rsquo;Antan du Léman (AVAL)</strong></span></p>
<p>Répondant à une nette demande de propriétaires de vieux bateaux en bois plus particulièrement, l&rsquo;association à but non lucratif a été créée à Messery (74140) avec les objectifs suivants:</p>
<ul>
<li>Réunir les amateurs, propriétaires ou non, de bateaux anciens dont l&rsquo;architecture, l&rsquo;esthétique, les qualités nautiques et l&rsquo;histoire marquent l&rsquo;évolution et le patrimoine naval, particulièrement celui du lac Liman.</li>
<li>Rassembler tous moyens intellectuels, physiques et matériels afin de restaurer, entretenir, armer et faire naviguer ces unités navales.</li>
<li>Participer à toutes activités sportives ou non, locales, nationales ou internationales, ayant pour but la navigation et/ou la promotion du patrimoine naval.</li>
<li>Promouvoir l&rsquo;idée de la préservation du patrimoine naval.</li>
</ul>

<p class="qua-blog-post-description">Une association française, de loi 1901, pour propriétaires de vieux voiliers en bois est née en 2007 : l&rsquo;Atelier des Voiles d&rsquo;Antan du Léman (AVAL) Répondant à une nette demande de propriétaires de vieux bateaux en bois plus particulièrement, l&rsquo;association à but non lucratif a été créée à Messery (74140) avec les objectifs suivants: Réunir les [&hellip;]</p>

N'hésitez pas à nous communiquer d'autres liens intéressants !   Notre hébergeur ttn.ch Un grand merci à notre ami Martin qui a longtemps hébergé notre site.... Associations d'amateurs de bateaux bois www.vieuxsafrans.com ; Nos amis des Vieux Safrans d'Annecy www.aubonheurdubois.com : Pas encore de bateaux, mais un travail du bois…

9 février 2021

Depuis plus de 25 ans La Classique de Sciez est le rassemblement incontournable des bateaux de tradition sur la rive française du Léman. Rendez vous les 1 et 2 Aout 2026 pour la 27ème édition! Ne tardez pas à vous inscrire, nous espérons vous voir nombreux sur le Port de…

Patrimoine Lémanique

19 février 2021

Le Comité Le Conseil d'Administration a été renouvelé lors de l'Assemblée Générale du 11 octobre 2025. Il est composé de : Jean-Yves PARICHON Evrard de BONDY Jean-François TRAINI Florent GRENIER Sylvain REDUREAU Paul LORIDANT Le Bureau est composé de : Président : Jean-François TRAINI Vice-President en charge de la trésorerie…
