{"id":211,"date":"2009-06-21T08:17:15","date_gmt":"2009-06-21T06:17:15","guid":{"rendered":"http:\/\/www.voilesdantan.org\/?p=1605"},"modified":"2026-02-07T19:30:28","modified_gmt":"2026-02-07T18:30:28","slug":"le-comite","status":"publish","type":"page","link":"https:\/\/www.voilesdantan.org\/index.php\/le-comite\/","title":{"rendered":"La page officielle"},"content":{"rendered":"<p><span style=\"color: #000080;\"><strong>Le Comit\u00e9<\/strong><\/span><\/p>\n<p><span style=\"color: #000080;\"><span style=\"color: #000000;\">Le <strong>Conseil d&rsquo;Administration<\/strong> a \u00e9t\u00e9 renouvel\u00e9 lors de l&rsquo;Assembl\u00e9e G\u00e9n\u00e9rale du 11 octobre 2025.<\/span><\/span><\/p>\n<p><span style=\"color: #000080;\"><span style=\"color: #000000;\">Il est compos\u00e9 de :<\/span><\/span><\/p>\n<ul>\n<li>Jean-Yves PARICHON<\/li>\n<li>Evrard de BONDY<\/li>\n<li>Jean-Fran\u00e7ois TRAINI<\/li>\n<li>Florent GRENIER<\/li>\n<li>Sylvain REDUREAU<\/li>\n<li>Paul LORIDANT<\/li>\n<\/ul>\n<p><span style=\"color: #000080;\"><span style=\"color: #000000;\">Le <strong>Bureau <\/strong>est compos\u00e9 de :<\/span><\/span><\/p>\n<ul>\n<li>Pr\u00e9sident : Jean-Fran\u00e7ois TRAINI<\/li>\n<li>Vice-President en charge de la tr\u00e9sorerie : Florent GRENIER<\/li>\n<li>Secr\u00e9taire : Evrard de BONDY<\/li>\n<\/ul>\n<p>La <strong>commission technique <\/strong>est constitu\u00e9e de :<\/p>\n<ul>\n<li>Jean-Fran\u00e7ois TRAINI<\/li>\n<li>Jean-Fran\u00e7ois ANDRIER<\/li>\n<\/ul>\n<p><span style=\"color: #000080;\"><strong>Adh\u00e9rer<\/strong> :<\/span><\/p>\n<p style=\"text-align: justify;\">La cotisation annuelle est de 20 \u20ac. Merci de nous envoyer un message \u00e0 <a href=\"mailto:contact@voilesdantan.org\">contact@voilesdantan.org<\/a>.<\/p>\n<p style=\"text-align: justify;\">Vous pouvez effectuer votre r\u00e8glement en esp\u00e8ces, ch\u00e8que, ou bien par <a href=\"https:\/\/www.voilesdantan.org\/wp-content\/uploads\/2025\/10\/AVAL-Releve-Identite-Bancaire.pdf\">virement bancaire<\/a>.<\/p>\n<p><span style=\"color: #000080;\"><strong>Les statuts<\/strong><\/span><\/p>\n<p><span style=\"color: #000080;\"><span style=\"color: #000000;\">Visualisez les <a href=\"http:\/\/www.voilesdantan.org\/wp-content\/uploads\/2009\/06\/aval-statuts.pdf\" target=\"_blank\" rel=\"noopener noreferrer\">Statuts de l&rsquo;Association AVAL<\/a><\/span><\/span><span style=\"color: #000080;\"><span style=\"color: #000000;\">(PDF)<\/span><\/span><\/p>\n<p><span style=\"color: #000080;\"><strong>Le r\u00e8glement int\u00e9rieur<\/strong><\/span><\/p>\n<p><span style=\"color: #000080;\"><span style=\"color: #000000;\">Visualisez le <a title=\"R\u00e8glement int\u00e9rieur de l'AVAL\" href=\"https:\/\/www.voilesdantan.org\/wp-content\/uploads\/2023\/01\/AVAL-Reglement-Interieur-v2012.pdf\" target=\"_blank\" rel=\"noopener noreferrer\">R\u00e8glement Int\u00e9rieur de l&rsquo;Association AVAL<\/a> (PDF)<\/span><\/span><\/p>\n<p><span style=\"color: #000080;\"><span style=\"caret-color: #000080;\"><b>Le guidon<\/b><\/span><\/span><\/p>\n<p><span style=\"color: #000080;\"><span style=\"color: #000000;\">Visualisez l&rsquo; <a href=\"http:\/\/www.voilesdantan.org\/wp-content\/uploads\/2009\/06\/aval-guidon.pdf\" target=\"_blank\" rel=\"noopener noreferrer\">Histoire du Guidon de l&rsquo;Association AVAL<\/a> <\/span><\/span><span style=\"color: #000080;\"><span style=\"color: #000000;\"> (PDF)<\/span><\/span><\/p>\n<p><span style=\"color: #000080;\"><strong>Textes l\u00e9gaux<\/strong><\/span><\/p>\n<p><a href=\"https:\/\/www.haute-savoie.gouv.fr\/contenu\/telechargement\/28037\/168112\/file\/rpp_consolide_2021.pdf\">A lire avant de naviguer sur le L\u00e9man<\/a><\/p>\n<p><strong><span style=\"color: #000080;\">Les Assembl\u00e9es g\u00e9n\u00e9rales<\/span><br \/><\/strong><\/p>\n<ul>\n<li>Visualisez le <a href=\"https:\/\/www.voilesdantan.org\/wp-content\/uploads\/2025\/10\/AG-11.10.2025.pdf\">PV de l\u2019assembl\u00e9e g\u00e9n\u00e9rale 2025<\/a><\/li>\n<li>Visualisez le <a href=\"https:\/\/www.voilesdantan.org\/wp-content\/uploads\/2024\/10\/AG-28.09.2024.pdf\">PV de l\u2019assembl\u00e9e g\u00e9n\u00e9rale 2024<\/a><\/li>\n<li>Visualisez le <a href=\"https:\/\/www.voilesdantan.org\/wp-content\/uploads\/2023\/11\/AG-10.11.2023.pdf\">PV de l\u2019assembl\u00e9e g\u00e9n\u00e9rale 2023<\/a><\/li>\n<li>Visualisez le <a href=\"https:\/\/www.voilesdantan.org\/wp-content\/uploads\/2022\/10\/AG-14.10.2022.pdf\">PV de l\u2019Assembl\u00e9e G\u00e9n\u00e9rale 2022<\/a> (PDF) et les <a href=\"https:\/\/www.voilesdantan.org\/wp-content\/uploads\/2022\/10\/Consignes-de-securite-portiques-de-levage-AVAL.pdf\">consignes de s\u00e9curit\u00e9 des palans de levage de l\u2019AVAL<\/a> (PDF)<\/li>\n<li>Visualisez le <a href=\"https:\/\/www.voilesdantan.org\/wp-content\/uploads\/2021\/11\/AG-05.11.2021.pdf\">PV de l\u2019Assembl\u00e9e G\u00e9n\u00e9rale 2021<\/a> (PDF) et la <a href=\"https:\/\/www.voilesdantan.org\/wp-content\/uploads\/2021\/11\/AVAL-Convention-bateau-v2021.pdf\">nouvelle convention d\u2019h\u00e9bergement<\/a> (PDF)<\/li>\n<li>Visualisez le <a href=\"http:\/\/www.voilesdantan.org\/wp-content\/uploads\/2020\/10\/AG-09.10.20-.pdf\">PV de l&rsquo;Assembl\u00e9e G\u00e9n\u00e9rale 2020<\/a> (PDF)<\/li>\n<li>Visualisez le\u00a0<a href=\"https:\/\/www.voilesdantan.org\/wp-content\/uploads\/2019\/10\/Assemblee-generale-2019.pdf\">PV de l&rsquo;Assembl\u00e9e g\u00e9n\u00e9rale 2019<\/a>\u00a0(PDF)<\/li>\n<li>Visualisez le\u00a0<a href=\"http:\/\/www.voilesdantan.org\/wp-content\/uploads\/2016\/12\/AVAL-AG-du-7-octobre-2016.pdf\">PV de l&rsquo;Assembl\u00e9e g\u00e9n\u00e9rale du 7 octobre 2016<\/a> (PDF)<\/li>\n<li>Visualisez le\u00a0<a href=\"http:\/\/www.voilesdantan.org\/wp-content\/uploads\/2009\/06\/AVAL-AG-du-2-octobre-2015.pdf\">PV de l&rsquo;Assembl\u00e9e g\u00e9n\u00e9rale du 2 octobre 2015<\/a>\u00a0(PDF)<\/li>\n<li>Visualisez le <a title=\"AG septembre 2014\" href=\"http:\/\/www.voilesdantan.org\/wp-content\/uploads\/2014\/09\/AVAL-AG-du-19-septembre-2014.pdf\" target=\"_blank\" rel=\"noopener noreferrer\">PV de l&rsquo;Assembl\u00e9e g\u00e9n\u00e9rale du 19 septembre 2014<\/a> (PDF)<\/li>\n<li>Visualisez le <a title=\"AG septembre 2013\" href=\"http:\/\/www.voilesdantan.org\/wp-content\/uploads\/2009\/06\/AVAL-AG-du-19-septembre-2013.pdf\" target=\"_blank\" rel=\"noopener noreferrer\">PV de l&rsquo;Assembl\u00e9e g\u00e9n\u00e9rale du 19 septembre 2013<\/a> (PDF)<\/li>\n<li>Visualisez le <a title=\"PV de l'AG de l'AVAL le 19 octobre 2012\" href=\"http:\/\/www.voilesdantan.org\/wp-content\/uploads\/2009\/06\/AVAL-AG-du-19-octobre-2012.pdf\" target=\"_blank\" rel=\"noopener noreferrer\">PV de l&rsquo;Assembl\u00e9e g\u00e9n\u00e9rale du 19 octobre 2012<\/a> (PDF)<\/li>\n<li>Visualisez le <a href=\"http:\/\/www.voilesdantan.org\/wp-content\/uploads\/2009\/06\/AVAL-AG-du-28-octobre-2011.pdf\" target=\"_blank\" rel=\"noopener noreferrer\">PV de l&rsquo;Assembl\u00e9e g\u00e9n\u00e9rale du 28 octobre 2011<\/a> (PDF)<\/li>\n<li>Visualisez le <a href=\"http:\/\/www.voilesdantan.org\/wp-content\/uploads\/2010\/11\/AVAL-CR-AG-du-22-octobre-2010.pdf\" target=\"_blank\" rel=\"noopener noreferrer\">PV de l&rsquo;Assembl\u00e9e G\u00e9n\u00e9rale du 22 octobre 2010<\/a> (PDF)<\/li>\n<li>Visualisez le <a href=\"http:\/\/www.voilesdantan.org\/wp-content\/uploads\/2010\/11\/AVAL-CR-AG-du-23-octobre-2009.pdf\">PV de l&rsquo;Assembl\u00e9e G\u00e9n\u00e9rale du 23 octobre 2009<\/a> (PDF)<\/li>\n<\/ul>\n\n\n<p><\/p>\n","protected":false},"excerpt":{"rendered":"<p class=\"qua-blog-post-description\">Le Comit\u00e9 Le Conseil d&rsquo;Administration a \u00e9t\u00e9 renouvel\u00e9 lors de l&rsquo;Assembl\u00e9e G\u00e9n\u00e9rale du 11 octobre 2025. Il est compos\u00e9 de : Jean-Yves PARICHON Evrard de BONDY Jean-Fran\u00e7ois TRAINI Florent GRENIER Sylvain REDUREAU Paul LORIDANT Le Bureau est compos\u00e9 de : Pr\u00e9sident : Jean-Fran\u00e7ois TRAINI Vice-President en charge de la tr\u00e9sorerie : Florent GRENIER Secr\u00e9taire : [&hellip;]<\/p>\n","protected":false},"author":2,"featured_media":4021,"parent":0,"menu_order":2,"comment_status":"closed","ping_status":"closed","template":"","meta":{"advanced_seo_description":"","jetpack_seo_html_title":"","jetpack_seo_noindex":false,"jetpack_post_was_ever_published":false,"footnotes":""},"class_list":["post-211","page","type-page","status-publish","has-post-thumbnail","hentry"],"jetpack-related-posts":[{"id":179,"url":"https:\/\/www.voilesdantan.org\/index.php\/contacts\/","url_meta":{"origin":211,"position":0},"title":"Contacts","author":"Evrard","date":"21 juin 2009","format":false,"excerpt":"Pour nous trouver : Chemin de la Pierre - 74140 Messery Afficher dans Google\u00a0Maps Renseignements : Jean-Fran\u00e7ois TRAINI +33 6 15 49 87 42 contact@voilesdantan.org","rel":"","context":"Article similaire","block_context":{"text":"Article similaire","link":""},"img":{"alt_text":"","src":"","width":0,"height":0},"classes":[]},{"id":4485,"url":"https:\/\/www.voilesdantan.org\/index.php\/classique-de-sciez\/","url_meta":{"origin":211,"position":1},"title":"Classique De Sciez 2026","author":"GrenierFlorent","date":"24 novembre 2024","format":false,"excerpt":"Depuis plus de 25 ans La Classique de Sciez est le rassemblement incontournable des bateaux de tradition sur la rive fran\u00e7aise du L\u00e9man. Rendez vous les 1 et 2 Aout 2026 pour la 27\u00e8me \u00e9dition! Ne tardez pas \u00e0 vous inscrire, nous esp\u00e9rons vous voir nombreux sur le Port de\u2026","rel":"","context":"Article similaire","block_context":{"text":"Article similaire","link":""},"img":{"alt_text":"","src":"https:\/\/i0.wp.com\/www.voilesdantan.org\/wp-content\/uploads\/2024\/06\/AVLL-Barques-oreilles-Unesco.jpg?fit=1032%2C1200&ssl=1&resize=350%2C200","width":350,"height":200,"srcset":"https:\/\/i0.wp.com\/www.voilesdantan.org\/wp-content\/uploads\/2024\/06\/AVLL-Barques-oreilles-Unesco.jpg?fit=1032%2C1200&ssl=1&resize=350%2C200 1x, https:\/\/i0.wp.com\/www.voilesdantan.org\/wp-content\/uploads\/2024\/06\/AVLL-Barques-oreilles-Unesco.jpg?fit=1032%2C1200&ssl=1&resize=525%2C300 1.5x, https:\/\/i0.wp.com\/www.voilesdantan.org\/wp-content\/uploads\/2024\/06\/AVLL-Barques-oreilles-Unesco.jpg?fit=1032%2C1200&ssl=1&resize=700%2C400 2x"},"classes":[]},{"id":3789,"url":"https:\/\/www.voilesdantan.org\/","url_meta":{"origin":211,"position":2},"title":"Home","author":"Evrard","date":"5 f\u00e9vrier 2021","format":false,"excerpt":"","rel":"","context":"Article similaire","block_context":{"text":"Article similaire","link":""},"img":{"alt_text":"","src":"","width":0,"height":0},"classes":[]},{"id":4117,"url":"https:\/\/www.voilesdantan.org\/index.php\/brouillon\/","url_meta":{"origin":211,"position":3},"title":"BROUILLON","author":"Evrard","date":"25 mai 2021","format":false,"excerpt":"[em_sites] [em_booking] [em_performers]","rel":"","context":"Article similaire","block_context":{"text":"Article similaire","link":""},"img":{"alt_text":"","src":"","width":0,"height":0},"classes":[]},{"id":3996,"url":"https:\/\/www.voilesdantan.org\/index.php\/user-profile\/","url_meta":{"origin":211,"position":4},"title":"User Profile","author":"Evrard","date":"20 f\u00e9vrier 2021","format":false,"excerpt":"[em_profile]","rel":"","context":"Article similaire","block_context":{"text":"Article similaire","link":""},"img":{"alt_text":"","src":"","width":0,"height":0},"classes":[]},{"id":3994,"url":"https:\/\/www.voilesdantan.org\/index.php\/events\/","url_meta":{"origin":211,"position":5},"title":"Calendrier : inscrivez-vous","author":"Evrard","date":"20 f\u00e9vrier 2021","format":false,"excerpt":"Visualisez les travaux en cours - inscrivez-vous pour participer aux \u00e9v\u00e8nements","rel":"","context":"Article similaire","block_context":{"text":"Article similaire","link":""},"img":{"alt_text":"","src":"","width":0,"height":0},"classes":[]}],"jetpack_shortlink":"https:\/\/wp.me\/PcN3JF-3p","jetpack_sharing_enabled":true,"_links":{"self":[{"href":"https:\/\/www.voilesdantan.org\/index.php\/wp-json\/wp\/v2\/pages\/211","targetHints":{"allow":["GET"]}}],"collection":[{"href":"https:\/\/www.voilesdantan.org\/index.php\/wp-json\/wp\/v2\/pages"}],"about":[{"href":"https:\/\/www.voilesdantan.org\/index.php\/wp-json\/wp\/v2\/types\/page"}],"author":[{"embeddable":true,"href":"https:\/\/www.voilesdantan.org\/index.php\/wp-json\/wp\/v2\/users\/2"}],"replies":[{"embeddable":true,"href":"https:\/\/www.voilesdantan.org\/index.php\/wp-json\/wp\/v2\/comments?post=211"}],"version-history":[{"count":22,"href":"https:\/\/www.voilesdantan.org\/index.php\/wp-json\/wp\/v2\/pages\/211\/revisions"}],"predecessor-version":[{"id":4604,"href":"https:\/\/www.voilesdantan.org\/index.php\/wp-json\/wp\/v2\/pages\/211\/revisions\/4604"}],"wp:featuredmedia":[{"embeddable":true,"href":"https:\/\/www.voilesdantan.org\/index.php\/wp-json\/wp\/v2\/media\/4021"}],"wp:attachment":[{"href":"https:\/\/www.voilesdantan.org\/index.php\/wp-json\/wp\/v2\/media?parent=211"}],"curies":[{"name":"wp","href":"https:\/\/api.w.org\/{rel}","templated":true}]}}

<p><span style="color: #000080;"><strong>Le Comité</strong></span></p>
<p><span style="color: #000080;"><span style="color: #000000;">Le <strong>Conseil d&rsquo;Administration</strong> a été renouvelé lors de l&rsquo;Assemblée Générale du 11 octobre 2025.</span></span></p>
<p><span style="color: #000080;"><span style="color: #000000;">Il est composé de :</span></span></p>
<ul>
<li>Jean-Yves PARICHON</li>
<li>Evrard de BONDY</li>
<li>Jean-François TRAINI</li>
<li>Florent GRENIER</li>
<li>Sylvain REDUREAU</li>
<li>Paul LORIDANT</li>
</ul>
<p><span style="color: #000080;"><span style="color: #000000;">Le <strong>Bureau </strong>est composé de :</span></span></p>
<ul>
<li>Président : Jean-François TRAINI</li>
<li>Vice-President en charge de la trésorerie : Florent GRENIER</li>
<li>Secrétaire : Evrard de BONDY</li>
</ul>
<p>La <strong>commission technique </strong>est constituée de :</p>
<ul>
<li>Jean-François TRAINI</li>
<li>Jean-François ANDRIER</li>
</ul>
<p><span style="color: #000080;"><strong>Adhérer</strong> :</span></p>
<p style="text-align: justify;">La cotisation annuelle est de 20 €. Merci de nous envoyer un message à <a href="mailto:contact@voilesdantan.org">contact@voilesdantan.org</a>.</p>
<p style="text-align: justify;">Vous pouvez effectuer votre règlement en espèces, chèque, ou bien par <a href="https://www.voilesdantan.org/wp-content/uploads/2025/10/AVAL-Releve-Identite-Bancaire.pdf">virement bancaire</a>.</p>
<p><span style="color: #000080;"><strong>Les statuts</strong></span></p>
<p><span style="color: #000080;"><span style="color: #000000;">Visualisez les <a href="http://www.voilesdantan.org/wp-content/uploads/2009/06/aval-statuts.pdf" target="_blank" rel="noopener noreferrer">Statuts de l&rsquo;Association AVAL</a></span></span><span style="color: #000080;"><span style="color: #000000;">(PDF)</span></span></p>
<p><span style="color: #000080;"><strong>Le règlement intérieur</strong></span></p>
<p><span style="color: #000080;"><span style="color: #000000;">Visualisez le <a title="Règlement intérieur de l'AVAL" href="https://www.voilesdantan.org/wp-content/uploads/2023/01/AVAL-Reglement-Interieur-v2012.pdf" target="_blank" rel="noopener noreferrer">Règlement Intérieur de l&rsquo;Association AVAL</a> (PDF)</span></span></p>
<p><span style="color: #000080;"><span style="caret-color: #000080;"><b>Le guidon</b></span></span></p>
<p><span style="color: #000080;"><span style="color: #000000;">Visualisez l&rsquo; <a href="http://www.voilesdantan.org/wp-content/uploads/2009/06/aval-guidon.pdf" target="_blank" rel="noopener noreferrer">Histoire du Guidon de l&rsquo;Association AVAL</a> </span></span><span style="color: #000080;"><span style="color: #000000;"> (PDF)</span></span></p>
<p><span style="color: #000080;"><strong>Textes légaux</strong></span></p>
<p><a href="https://www.haute-savoie.gouv.fr/contenu/telechargement/28037/168112/file/rpp_consolide_2021.pdf">A lire avant de naviguer sur le Léman</a></p>
<p><strong><span style="color: #000080;">Les Assemblées générales</span><br /></strong></p>
<ul>
<li>Visualisez le <a href="https://www.voilesdantan.org/wp-content/uploads/2025/10/AG-11.10.2025.pdf">PV de l’assemblée générale 2025</a></li>
<li>Visualisez le <a href="https://www.voilesdantan.org/wp-content/uploads/2024/10/AG-28.09.2024.pdf">PV de l’assemblée générale 2024</a></li>
<li>Visualisez le <a href="https://www.voilesdantan.org/wp-content/uploads/2023/11/AG-10.11.2023.pdf">PV de l’assemblée générale 2023</a></li>
<li>Visualisez le <a href="https://www.voilesdantan.org/wp-content/uploads/2022/10/AG-14.10.2022.pdf">PV de l’Assemblée Générale 2022</a> (PDF) et les <a href="https://www.voilesdantan.org/wp-content/uploads/2022/10/Consignes-de-securite-portiques-de-levage-AVAL.pdf">consignes de sécurité des palans de levage de l’AVAL</a> (PDF)</li>
<li>Visualisez le <a href="https://www.voilesdantan.org/wp-content/uploads/2021/11/AG-05.11.2021.pdf">PV de l’Assemblée Générale 2021</a> (PDF) et la <a href="https://www.voilesdantan.org/wp-content/uploads/2021/11/AVAL-Convention-bateau-v2021.pdf">nouvelle convention d’hébergement</a> (PDF)</li>
<li>Visualisez le <a href="http://www.voilesdantan.org/wp-content/uploads/2020/10/AG-09.10.20-.pdf">PV de l&rsquo;Assemblée Générale 2020</a> (PDF)</li>
<li>Visualisez le <a href="https://www.voilesdantan.org/wp-content/uploads/2019/10/Assemblee-generale-2019.pdf">PV de l&rsquo;Assemblée générale 2019</a> (PDF)</li>
<li>Visualisez le <a href="http://www.voilesdantan.org/wp-content/uploads/2016/12/AVAL-AG-du-7-octobre-2016.pdf">PV de l&rsquo;Assemblée générale du 7 octobre 2016</a> (PDF)</li>
<li>Visualisez le <a href="http://www.voilesdantan.org/wp-content/uploads/2009/06/AVAL-AG-du-2-octobre-2015.pdf">PV de l&rsquo;Assemblée générale du 2 octobre 2015</a> (PDF)</li>
<li>Visualisez le <a title="AG septembre 2014" href="http://www.voilesdantan.org/wp-content/uploads/2014/09/AVAL-AG-du-19-septembre-2014.pdf" target="_blank" rel="noopener noreferrer">PV de l&rsquo;Assemblée générale du 19 septembre 2014</a> (PDF)</li>
<li>Visualisez le <a title="AG septembre 2013" href="http://www.voilesdantan.org/wp-content/uploads/2009/06/AVAL-AG-du-19-septembre-2013.pdf" target="_blank" rel="noopener noreferrer">PV de l&rsquo;Assemblée générale du 19 septembre 2013</a> (PDF)</li>
<li>Visualisez le <a title="PV de l'AG de l'AVAL le 19 octobre 2012" href="http://www.voilesdantan.org/wp-content/uploads/2009/06/AVAL-AG-du-19-octobre-2012.pdf" target="_blank" rel="noopener noreferrer">PV de l&rsquo;Assemblée générale du 19 octobre 2012</a> (PDF)</li>
<li>Visualisez le <a href="http://www.voilesdantan.org/wp-content/uploads/2009/06/AVAL-AG-du-28-octobre-2011.pdf" target="_blank" rel="noopener noreferrer">PV de l&rsquo;Assemblée générale du 28 octobre 2011</a> (PDF)</li>
<li>Visualisez le <a href="http://www.voilesdantan.org/wp-content/uploads/2010/11/AVAL-CR-AG-du-22-octobre-2010.pdf" target="_blank" rel="noopener noreferrer">PV de l&rsquo;Assemblée Générale du 22 octobre 2010</a> (PDF)</li>
<li>Visualisez le <a href="http://www.voilesdantan.org/wp-content/uploads/2010/11/AVAL-CR-AG-du-23-octobre-2009.pdf">PV de l&rsquo;Assemblée Générale du 23 octobre 2009</a> (PDF)</li>
</ul>


<p></p>

<p class="qua-blog-post-description">Le Comité Le Conseil d&rsquo;Administration a été renouvelé lors de l&rsquo;Assemblée Générale du 11 octobre 2025. Il est composé de : Jean-Yves PARICHON Evrard de BONDY Jean-François TRAINI Florent GRENIER Sylvain REDUREAU Paul LORIDANT Le Bureau est composé de : Président : Jean-François TRAINI Vice-President en charge de la trésorerie : Florent GRENIER Secrétaire : [&hellip;]</p>

Pour nous trouver : Chemin de la Pierre - 74140 Messery Afficher dans Google Maps Renseignements : Jean-François TRAINI +33 6 15 49 87 42 contact@voilesdantan.org

Depuis plus de 25 ans La Classique de Sciez est le rassemblement incontournable des bateaux de tradition sur la rive française du Léman. Rendez vous les 1 et 2 Aout 2026 pour la 27ème édition! Ne tardez pas à vous inscrire, nous espérons vous voir nombreux sur le Port de…

5 février 2021

20 février 2021

Visualisez les travaux en cours - inscrivez-vous pour participer aux évènements
