{"id":179,"date":"2009-06-21T06:13:07","date_gmt":"2009-06-21T05:13:07","guid":{"rendered":"http:\/\/www.voilesdantan.org\/?p=1605"},"modified":"2021-03-29T14:13:34","modified_gmt":"2021-03-29T12:13:34","slug":"contacts","status":"publish","type":"page","link":"https:\/\/www.voilesdantan.org\/index.php\/contacts\/","title":{"rendered":"Contacts"},"content":{"rendered":"<h2>Pour nous trouver :<\/h2>\n<p>Chemin de la Pierre &#8211; 74140 Messery <a title=\"Hangar \u00e0 Messery\" href=\"http:\/\/maps.google.fr\/maps?f=q&amp;source=s_q&amp;hl=fr&amp;geocode=&amp;q=Atelier+des+Voiles+d%27Antan+du+L%C3%A9man+-+AVAL%2c+Route+du+Lac%2c+Chens-sur-L%C3%A9man&amp;aq=3&amp;sll=46.349875%2c6.296325&amp;sspn=0.009094%2c0.016415&amp;vpsrc=6&amp;g=74140+Chemin+de+la+Pierre%2c+Messery&amp;num=10&amp;ie=UTF8&amp;hq=Atelier+des+Voiles+d%27Antan+du+L%C3%A9man+-+AVAL%2c&amp;hnear=Route+du+Lac%2c+74140+Chens-sur-L%C3%A9man%2c+Haute-Savoie%2c+Rh%C3%B4ne-Alpes&amp;ll=46.349327%2c6.297247&amp;spn=0.009094%2c0.016415&amp;t=m&amp;z=16&amp;iwloc=A&amp;cid=7271044241699432375\" target=\"_blank\" rel=\"noopener\">Afficher dans Google\u00a0Maps<\/a><\/p>\n<h2>Renseignements :<\/h2>\n<p>Jean-Fran\u00e7ois TRAINI<\/p>\n<p>+33 6 15 49 87 42<\/p>\n<p><a href=\"mailto:contact@voilesdantan.org\">contact@voilesdantan.org<\/a><\/p>\n","protected":false},"excerpt":{"rendered":"<p class=\"qua-blog-post-description\">Pour nous trouver : Chemin de la Pierre &#8211; 74140 Messery Afficher dans Google\u00a0Maps Renseignements : Jean-Fran\u00e7ois TRAINI +33 6 15 49 87 42 contact@voilesdantan.org<\/p>\n","protected":false},"author":2,"featured_media":0,"parent":0,"menu_order":3,"comment_status":"closed","ping_status":"closed","template":"","meta":{"advanced_seo_description":"","jetpack_seo_html_title":"","jetpack_seo_noindex":false,"jetpack_post_was_ever_published":false,"footnotes":""},"class_list":["post-179","page","type-page","status-publish","hentry"],"jetpack-related-posts":[{"id":4485,"url":"https:\/\/www.voilesdantan.org\/index.php\/classique-de-sciez\/","url_meta":{"origin":179,"position":0},"title":"Classique De Sciez 2026","author":"GrenierFlorent","date":"24 novembre 2024","format":false,"excerpt":"Depuis plus de 25 ans La Classique de Sciez est le rassemblement incontournable des bateaux de tradition sur la rive fran\u00e7aise du L\u00e9man. Rendez vous les 1 et 2 Aout 2026 pour la 27\u00e8me \u00e9dition! Ne tardez pas \u00e0 vous inscrire, nous esp\u00e9rons vous voir nombreux sur le Port de\u2026","rel":"","context":"Article similaire","block_context":{"text":"Article similaire","link":""},"img":{"alt_text":"","src":"https:\/\/i0.wp.com\/www.voilesdantan.org\/wp-content\/uploads\/2024\/06\/AVLL-Barques-oreilles-Unesco.jpg?fit=1032%2C1200&ssl=1&resize=350%2C200","width":350,"height":200,"srcset":"https:\/\/i0.wp.com\/www.voilesdantan.org\/wp-content\/uploads\/2024\/06\/AVLL-Barques-oreilles-Unesco.jpg?fit=1032%2C1200&ssl=1&resize=350%2C200 1x, https:\/\/i0.wp.com\/www.voilesdantan.org\/wp-content\/uploads\/2024\/06\/AVLL-Barques-oreilles-Unesco.jpg?fit=1032%2C1200&ssl=1&resize=525%2C300 1.5x, https:\/\/i0.wp.com\/www.voilesdantan.org\/wp-content\/uploads\/2024\/06\/AVLL-Barques-oreilles-Unesco.jpg?fit=1032%2C1200&ssl=1&resize=700%2C400 2x"},"classes":[]},{"id":211,"url":"https:\/\/www.voilesdantan.org\/index.php\/le-comite\/","url_meta":{"origin":179,"position":1},"title":"La page officielle","author":"Evrard","date":"21 juin 2009","format":false,"excerpt":"Le Comit\u00e9 Le Conseil d'Administration a \u00e9t\u00e9 renouvel\u00e9 lors de l'Assembl\u00e9e G\u00e9n\u00e9rale du 11 octobre 2025. Il est compos\u00e9 de : Jean-Yves PARICHON Evrard de BONDY Jean-Fran\u00e7ois TRAINI Florent GRENIER Sylvain REDUREAU Paul LORIDANT Le Bureau est compos\u00e9 de : Pr\u00e9sident : Jean-Fran\u00e7ois TRAINI Vice-President en charge de la tr\u00e9sorerie\u2026","rel":"","context":"Article similaire","block_context":{"text":"Article similaire","link":""},"img":{"alt_text":"","src":"","width":0,"height":0},"classes":[]}],"jetpack_shortlink":"https:\/\/wp.me\/PcN3JF-2T","jetpack_sharing_enabled":true,"_links":{"self":[{"href":"https:\/\/www.voilesdantan.org\/index.php\/wp-json\/wp\/v2\/pages\/179","targetHints":{"allow":["GET"]}}],"collection":[{"href":"https:\/\/www.voilesdantan.org\/index.php\/wp-json\/wp\/v2\/pages"}],"about":[{"href":"https:\/\/www.voilesdantan.org\/index.php\/wp-json\/wp\/v2\/types\/page"}],"author":[{"embeddable":true,"href":"https:\/\/www.voilesdantan.org\/index.php\/wp-json\/wp\/v2\/users\/2"}],"replies":[{"embeddable":true,"href":"https:\/\/www.voilesdantan.org\/index.php\/wp-json\/wp\/v2\/comments?post=179"}],"version-history":[{"count":4,"href":"https:\/\/www.voilesdantan.org\/index.php\/wp-json\/wp\/v2\/pages\/179\/revisions"}],"predecessor-version":[{"id":4082,"href":"https:\/\/www.voilesdantan.org\/index.php\/wp-json\/wp\/v2\/pages\/179\/revisions\/4082"}],"wp:attachment":[{"href":"https:\/\/www.voilesdantan.org\/index.php\/wp-json\/wp\/v2\/media?parent=179"}],"curies":[{"name":"wp","href":"https:\/\/api.w.org\/{rel}","templated":true}]}}

<h2>Pour nous trouver :</h2>
<p>Chemin de la Pierre &#8211; 74140 Messery <a title="Hangar à Messery" href="http://maps.google.fr/maps?f=q&amp;source=s_q&amp;hl=fr&amp;geocode=&amp;q=Atelier+des+Voiles+d%27Antan+du+L%C3%A9man+-+AVAL%2c+Route+du+Lac%2c+Chens-sur-L%C3%A9man&amp;aq=3&amp;sll=46.349875%2c6.296325&amp;sspn=0.009094%2c0.016415&amp;vpsrc=6&amp;g=74140+Chemin+de+la+Pierre%2c+Messery&amp;num=10&amp;ie=UTF8&amp;hq=Atelier+des+Voiles+d%27Antan+du+L%C3%A9man+-+AVAL%2c&amp;hnear=Route+du+Lac%2c+74140+Chens-sur-L%C3%A9man%2c+Haute-Savoie%2c+Rh%C3%B4ne-Alpes&amp;ll=46.349327%2c6.297247&amp;spn=0.009094%2c0.016415&amp;t=m&amp;z=16&amp;iwloc=A&amp;cid=7271044241699432375" target="_blank" rel="noopener">Afficher dans Google Maps</a></p>
<h2>Renseignements :</h2>
<p>Jean-François TRAINI</p>
<p>+33 6 15 49 87 42</p>
<p><a href="mailto:contact@voilesdantan.org">contact@voilesdantan.org</a></p>

<p class="qua-blog-post-description">Pour nous trouver : Chemin de la Pierre &#8211; 74140 Messery Afficher dans Google Maps Renseignements : Jean-François TRAINI +33 6 15 49 87 42 contact@voilesdantan.org</p>

Depuis plus de 25 ans La Classique de Sciez est le rassemblement incontournable des bateaux de tradition sur la rive française du Léman. Rendez vous les 1 et 2 Aout 2026 pour la 27ème édition! Ne tardez pas à vous inscrire, nous espérons vous voir nombreux sur le Port de…

Le Comité Le Conseil d'Administration a été renouvelé lors de l'Assemblée Générale du 11 octobre 2025. Il est composé de : Jean-Yves PARICHON Evrard de BONDY Jean-François TRAINI Florent GRENIER Sylvain REDUREAU Paul LORIDANT Le Bureau est composé de : Président : Jean-François TRAINI Vice-President en charge de la trésorerie…
